{"id":146,"date":"2022-08-30T11:00:40","date_gmt":"2022-08-30T11:00:40","guid":{"rendered":"https:\/\/www.innostivo.fi\/?post_type=product&#038;p=146"},"modified":"2025-06-22T08:48:22","modified_gmt":"2025-06-22T08:48:22","slug":"nuottipaja-1-kirja","status":"publish","type":"product","link":"https:\/\/www.innostivo.fi\/index.php\/tuote\/nuottipaja-1-kirja\/","title":{"rendered":"Nuottipaja 1 -Kirja"},"content":{"rendered":"<p>Teht\u00e4v\u00e4kirja musiikin hahmotusaineiden alkuopetukseen.<\/p>\n<p>Nuottipaja 1-kirjassa harjoitellaan musiikin perusasioita ja se on tarkoitettu soittopolkuaan aloittavalle oppilaalle. Kirjassa tutustutaan perusrytmimerkkeihin, nuottiviivastoon ja s\u00e4veliin. Oman soittimen osuus, luova ty\u00f6skentely sek\u00e4 yhdess\u00e4 toimiminen on huomioitu sis\u00e4ll\u00f6ss\u00e4.<\/p>\n<p>Hintaan sis\u00e4ltyy ALV 14%.<\/p>\n<p>&nbsp;<\/p>\n<p>Verkkolaskutuslis\u00e4 5 \u20ac<\/p>\n","protected":false},"excerpt":{"rendered":"<ul>\n<li>128-sivuinen teht\u00e4v\u00e4kirja<\/li>\n<li>piirros- ja keksimisteht\u00e4vi\u00e4<\/li>\n<li>rytmien ja nuottien tunnistusta<\/li>\n<li>improvisointia<\/li>\n<li>s\u00e4velt\u00e4mist\u00e4<\/li>\n<li>leikki-ideoita<\/li>\n<li>musiikin hahmotusaineiden alkuopetukseen<\/li>\n<li>soittotunnille oppimisen tueksi<\/li>\n<\/ul>\n","protected":false},"featured_media":384,"comment_status":"open","ping_status":"closed","template":"","meta":[],"product_brand":[],"product_cat":[21],"product_tag":[23,24],"class_list":{"0":"post-146","1":"product","2":"type-product","3":"status-publish","4":"has-post-thumbnail","6":"product_cat-kirjat","7":"product_tag-nuottipaja","8":"product_tag-nuottipaja-1","10":"first","11":"instock","12":"virtual","13":"taxable","14":"purchasable","15":"product-type-simple"},"_links":{"self":[{"href":"https:\/\/www.innostivo.fi\/index.php\/wp-json\/wp\/v2\/product\/146","targetHints":{"allow":["GET"]}}],"collection":[{"href":"https:\/\/www.innostivo.fi\/index.php\/wp-json\/wp\/v2\/product"}],"about":[{"href":"https:\/\/www.innostivo.fi\/index.php\/wp-json\/wp\/v2\/types\/product"}],"replies":[{"embeddable":true,"href":"https:\/\/www.innostivo.fi\/index.php\/wp-json\/wp\/v2\/comments?post=146"}],"wp:featuredmedia":[{"embeddable":true,"href":"https:\/\/www.innostivo.fi\/index.php\/wp-json\/wp\/v2\/media\/384"}],"wp:attachment":[{"href":"https:\/\/www.innostivo.fi\/index.php\/wp-json\/wp\/v2\/media?parent=146"}],"wp:term":[{"taxonomy":"product_brand","embeddable":true,"href":"https:\/\/www.innostivo.fi\/index.php\/wp-json\/wp\/v2\/product_brand?post=146"},{"taxonomy":"product_cat","embeddable":true,"href":"https:\/\/www.innostivo.fi\/index.php\/wp-json\/wp\/v2\/product_cat?post=146"},{"taxonomy":"product_tag","embeddable":true,"href":"https:\/\/www.innostivo.fi\/index.php\/wp-json\/wp\/v2\/product_tag?post=146"}],"curies":[{"name":"wp","href":"https:\/\/api.w.org\/{rel}","templated":true}]}}